
True
Is 1636256093 prime?
True
Is 211962797 a composite number?
True
Is 413586773 a composite number?
False
Is 4475039579 composite?
True
Is 89107219 composite?
True
Is 256933571 a prime number?
False
Is 512551453 composite?
True
Is 1524606029 a composite number?
True
Is 18607445707 a prime number?
False
Is 4555411631 composite?
False
Is 10538650919 composite?
False
Is 6003307559 a prime number?
True
Is 510859793 prime?
False
Is 1562446783 a composite number?
False
Is 9445172861 a composite number?
True
Is 2581777343 a prime number?
True
Is 10987483307 a composite number?
True
Is 7792899949 prime?
True
Is 106932896183 a composite number?
False
Is 11580547369 composite?
False
Is 30490699519 a composite number?
True
Is 23495507131 prime?
False
Is 3136077523 a prime number?
False
Is 32941411889 a composite number?
False
Is 133603229 a prime number?
False
Is 52019074417 composite?
False
Is 16560716467 composite?
True
Is 4779120581 composite?
False
Is 688279759 a prime number?
False
Is 206672651 prime?
False
Is 33338021 composite?
False
Is 7798683027 prime?
False
Is 1137348049 a prime number?
True
Is 13038011813 prime?
True
Is 1037653927 a prime number?
True
Is 1296299671 a composite number?
True
Is 16924105687 a prime number?
False
Is 2619045131 prime?
False
Is 2286173369 composite?
False
Is 55311531383 prime?
True
Is 1135172723 composite?
True
Is 49053818543 prime?
False
Is 38878654879 composite?
True
Is 1541779 prime?
True
Is 4845813107 prime?
True
Is 244645439 prime?
False
Is 9137647973 a composite number?
False
Is 168822679 prime?
True
Is 627176773 composite?
False
Is 16188033161 composite?
False
Is 10057370699 a prime number?
False
Is 4087614639 prime?
False
Is 4682933507 prime?
False
Is 288155869423 composite?
True
Is 11467480613 composite?
False
Is 10457984063 a prime number?
False
Is 20972312831 prime?
True
Is 55180528211 a composite number?
False
Is 2364300931 a composite number?
True
Is 5941740619 a composite number?
False
Is 1701093679 prime?
False
Is 1055803237 composite?
False
Is 49600366049 a prime number?
False
Is 340671167 a composite number?
False
Is 6494766403 prime?
False
Is 703200331 a composite number?
True
Is 34059142567 composite?
False
Is 487671719 prime?
True
Is 35977609 prime?
True
Is 2453630066 prime?
False
Is 5693651659 a prime number?
False
Is 4298671631 a prime number?
True
Is 24107530693 prime?
False
Is 100883407123 a composite number?
False
Is 61470407953 composite?
True
Is 278880909 prime?
False
Is 5132247917 a composite number?
True
Is 40240508578 a prime number?
False
Is 8678576359 a composite number?
False
Is 59651489759 a composite number?
True
Is 38001261931 prime?
True
Is 162755939 a prime number?
False
Is 3129586829 a composite number?
False
Is 1887156269 prime?
True
Is 7010324939 a prime number?
True
Is 291945167 prime?
False
Is 878040197 composite?
False
Is 852292033 a composite number?
False
Is 6727713763 a composite number?
False
Is 2426069683 a composite number?
False
Is 9629889937 composite?
True
Is 616900307 a composite number?
False
Is 22698799973 prime?
True
Is 488962661321 prime?
True
Is 69089799437 a prime number?
True
Is 219836317 a prime number?
True
Is 12858836423 a prime number?
False
Is 6154098733 a prime number?
True
Is 830999717 a prime number?
False
Is 15423579943 prime?
True
Is 27470653437 a prime number?
False
Is 20783846393 a composite number?
True
Is 3876543247 a composite number?
False
Is 2104134971 prime?
False
Is 32050054573 prime?
False
Is 324419773 prime?
True
Is 259286893949 a prime number?
True
Is 14807436341 a composite number?
True
Is 20043253123 a prime number?
False
Is 772346467 a prime number?
True
Is 2127948287 a prime number?
False
Is 7631408189 a prime number?
False
Is 855148313 composite?
True
Is 52801038119 a composite number?
False
Is 3154297543 composite?
True
Is 3270004117 a composite number?
False
Is 559799927 a prime number?
False
Is 2915488039 prime?
True
Is 11459232607 prime?
True
Is 6954593185 a composite number?
True
Is 16546130717 a composite number?
False
Is 19768103 composite?
False
Is 1200666881 composite?
False
Is 2560690903 prime?
True
Is 24491401159 composite?
False
Is 326885285 a composite number?
True
Is 16319229071 a composite number?
False
Is 184765787 composite?
False
Is 73518657199 a composite number?
True
Is 15252483361 a composite number?
True
Is 45403525709 composite?
False
Is 136226123961 a prime number?
False
Is 7469030951 prime?
True
Is 9601754611 a composite number?
False
Is 1342567859 a composite number?
False
Is 181695851 prime?
False
Is 4818968857 a prime number?
True
Is 144333221 composite?
False
Is 25353438029 prime?
True
Is 4201183097 a composite number?
False
Is 8664647567 prime?
False
Is 12499870583 a prime number?
True
Is 5062306127 a composite number?
True
Is 282224779 prime?
False
Is 1568022419 composite?
False
Is 1929667463 prime?
False
Is 711173321 a composite number?
True
Is 278736982811 prime?
False
Is 13995036134 prime?
False
Is 1207285963 composite?
True
Is 6473010157 a composite number?
False
Is 96584417 composite?
False
Is 596471939 composite?
True
Is 3904714211 a prime number?
False
Is 2553869767 prime?
True
Is 7230421223 composite?
False
Is 7619858717 a prime number?
False
Is 2430298177 prime?
True
Is 1599061771 prime?
True
Is 4128994483 composite?
True
Is 15307529917 a prime number?
False
Is 428980661 a prime number?
False
Is 4888511827 composite?
False
Is 1475773337 a composite number?
False
Is 1025787601 a prime number?
False
Is 747239609 composite?
False
Is 19725971179 composite?
False
Is 1191347999 a composite number?
False
Is 1306535507 a composite number?
False
Is 5591412553 composite?
False
Is 2404950887 composite?
False
Is 937473041 a composite number?
True
Is 68326038829 a composite number?
True
Is 27804634771 composite?
False
Is 334746847 a prime number?
False
Is 6100379843 composite?
True
Is 3877527421 composite?
True
Is 11656161389 a composite number?
False
Is 4427910653 composite?
True
Is 7943851802 a prime number?
False
Is 392991007 composite?
True
Is 34578530933 a composite number?
False
Is 16658167543 a prime number?
True
Is 61441682531 composite?
False
Is 249595097 a composite number?
False
Is 717426067 composite?
True
Is 537455179 a composite number?
False
Is 2413017017 a composite number?
False
Is 145394791 a composite number?
False
Is 464298217 prime?
False
Is 6999103009 composite?
False
Is 96655634659 a prime number?
True
Is 8383535763 composite?
True
Is 9740671777 a composite number?
False
Is 25306930573 a composite number?
False
Is 2158577947 prime?
True
Is 3397008487 a composite number?
False
Is 3834403967 a prime number?
True
Is 6658886197 a composite number?
False
Is 6513348859 composite?
False
Is 10055707447 composite?
True
Is 4642208059 prime?
False
Is 20820201721 a composite number?
True
Is 195178609 a composite number?
True
Is 2802866323 composite?
False
Is 2159117789 composite?
False
Is 138149833541 composite?
True
Is 100005567 prime?
False
Is 10803436883 a prime number?
True
Is 2654537477 composite?
False
Is 53777258611 a prime number?
True
Is 93801821 prime?
True
Is 1021303459 composite?
True
Is 4533332143 composite?
False
Is 496912865 a prime number?
False
Is 857735699 composite?
False
Is 44627688473 prime?
False
Is 46685122667 composite?
False
Is 226213723 a prime number?
False
Is 1146216283 a prime number?
True
Is 1066242197 composite?
False
Is 40149024961 prime?
False
Is 24274826053 composite?
False
Is 5168960299 a prime number?
True
Is 96062644666 composite?
True
Is 2970214417 prime?
True
Is 88155871633 composite?
False
Is 2292431993 a prime number?
True
Is 5246135113 a prime number?
False
Is 29952029707 a prime number?
True
Is 957176923 a composite number?
False
Is 4123578373 a prime number?
False
Is 1605740267 a composite number?
True
Is 37320429829 a composite number?
False
Is 3739473559 a prime number?
False
Is 16677778961 a prime number?
True
Is 6455672759 a composite number?
False
Is 49110577 prime?
True
Is 1231232999 a composite number?
False
Is 25099712773 prime?
False
Is 2134339847 a composite number?
True
Is 2041475773 composite?
False
Is 4381586173 a composite number?
False
Is 12536644217 prime?
False
Is 7115833883 a composite number?
True
Is 27995694757 prime?
Fal